t are the prime factors of ((-2)/v)/((-2)/(-4))?
2
Let f(w) = -34*w + 20. List the prime factors of f(-5).
2, 5, 19
Let t(c) = -c + 7. Let f be t(5). Suppose -16*s + 19*s = 0. Suppose 5*w + s*h = -h + 29, -h = -f*w + 13. List the prime factors of w.
2, 3
List the prime factors of ((-6)/5)/((-3)/45).
2, 3
Suppose -5*x = 4*d + 11 - 3, -14 = -2*d + 2*x. Suppose 8 = d*j - 2*q - 1, 2*q - 6 = -2*j. What are the prime factors of j*-1*(-10)/6?
5
Suppose 0 = -3*n + 4*u - 7, -n - 2*u + 5*u - 9 = 0. Let o = 10 - n. List the prime factors of o.
7
Suppose -5*t + g = 41, -3*t = -g + 35 - 12. Let y = 11 - t. What are the prime factors of y?
2, 5
Let f(w) = 4*w - 4. Suppose 26 = 3*k + 2*b, -2*k - 2 = b - 18. Let t be f(k). Suppose -4*x + t + 4 = 0. List the prime factors of x.
2, 3
Let n = -7 + 30. Let k = 86 - n. Suppose -2*x = 2*z - 30, 3*z = -4*x - 2*z + k. List the prime factors of x.
2, 3
Suppose -11*b + 1595 = 429. List the prime factors of b.
2, 53
Let r(c) = -3*c + 2. Suppose -i = -3*q + 8, 0 = 2*q + 3*q + 3*i + 10. Suppose 3*g = -10 + q. What are the prime factors of r(g)?
11
List the prime factors of 23/(-5 - -4)*-1.
23
Suppose 0 = 3*u - 4*p - 173, -4*u + p + 235 = -0*u. List the prime factors of u.
59
Suppose 3*a = -54 - 60. What are the prime factors of a/(-6) + (-1)/3?
2, 3
Let m(k) = k**3 - 6*k**2 + 6*k - 2. Let l be m(5). Let c = l - -5. What are the prime factors of c?
2
Suppose 17*i + 7*i - 3840 = 0. List the prime factors of i.
2, 5
Suppose -5*o + o = 0. Let u = -2 - -4. Suppose o = t - 6 - u. What are the prime factors of t?
2
Suppose h = -h + 6. Let q(t) = 3 - t + t**2 - 3. List the prime factors of q(h).
2, 3
Let r be 6 + 1/1 + -2. Suppose m = 2*d - 4*m - 14, 0 = -r*d - 3*m + 66. Suppose g = -0 + d. List the prime factors of g.
2, 3
Let f(x) = -5*x. Let y be f(2). Let v be y/(-45) - (-2)/(-9). Suppose v = h + 2*h - 24. List the prime factors of h.
2
Let s = -112 + 165. List the prime factors of s.
53
Let b be 4/(-3)*234/(-12). Let p = b + -1. What are the prime factors of p?
5
Let l be (-4)/6 + 1041/9. Suppose -2*h = 3*w - 95, 0 = -4*h + 5*w + 42 + l. List the prime factors of h.
43
Suppose -12*d + 72 = -4*d. List the prime factors of d.
3
Let o = 20 - 16. What are the prime factors of o/3 - 775/(-15)?
53
Suppose 5*x + 3*k = 649, 3*x = -x - k + 522. List the prime factors of x.
131
Suppose o = -o + 4. Suppose -5*v = -5*f - 22 + 137, 0 = 3*f - o*v - 64. What are the prime factors of f?
2, 3
Suppose -96 = -2*t + 3*z - 4*z, -3*z + 240 = 5*t. Suppose 3*q + 5*n = 11, -5*q = -3*n - 27 - t. List the prime factors of q.
2, 3
Suppose 1 = r - 1. Let t = r - -1. Suppose t*n = 2*n + 5. List the prime factors of n.
5
List the prime factors of 1/(-6) - (-1122)/36.
31
Let w(j) = -j**3 - 6*j**2 + j - 5. Let t be -9 - -4*4/8. What are the prime factors of w(t)?
37
List the prime factors of (-830)/(-4) - (-9)/(-18).
3, 23
Suppose -3*b + 29 = 4*q, 3*q - 2*b + 0*b - 9 = 0. Suppose 0 = q*i - 5*g - 20 - 20, -4*i + 32 = -5*g. What are the prime factors of i?
2
Let r be 2/(-1) - (9 - 1). Let b = r - -16. List the prime factors of b.
2, 3
Suppose 0 = 9*t - 32 - 166. List the prime factors of t.
2, 11
Let u be (2 - (0 - -3))*-1. Suppose -v - 2 = -u. What are the prime factors of (3 + -4)*8/v?
2
Suppose 0 = 5*f - 83 - 17. Suppose -4*j + 6*j = f. List the prime factors of j.
2, 5
Suppose -406 = -3*m + 122. Suppose -4*t - s = -171, 0*t - 4*t + m = -4*s. Suppose 3*i = -y + t, 4*i = 4*y + y + 32. What are the prime factors of i?
13
Let u(r) = 11*r**3 + r**2 - 2*r + 1. Suppose 0*x + 20 = 4*x. Suppose 5 = -x*i - 2*v, -v = -5*v - 20. List the prime factors of u(i).
11
Let n(u) = -u**2 + u + 561. Let k be n(0). What are the prime factors of k/21 + 2/7?
3
Suppose 2*y - 122 = -4*l, 23 = l + 2*y - 4*y. What are the prime factors of l?
29
Suppose -5*v + 2*o = -499, 4*o = 7*v - 5*v - 206. List the prime factors of v.
3, 11
List the prime factors of ((1 + 0)/2)/((-109)/(-45780)).
2, 3, 5, 7
Let u be 2 - (-2 - (-26 - 0)). Let m be u + -1 - -2 - 1. What are the prime factors of (-136)/m + 6/(-33)?
2, 3
Let m = 62 - 47. Let v be (-2)/5 - (-76)/(-10). Let j = m + v. List the prime factors of j.
7
Let i = -70 + 107. What are the prime factors of i?
37
Let g(l) = -l**2 + 21*l + 3. What are the prime factors of g(18)?
3, 19
Let f(o) = -o**3 + 14*o**2 + 15*o + 5. Let q be 5/(3/(-9)*-1). List the prime factors of f(q).
5
Suppose g = 5*m - 210 - 185, -165 = -2*m - g. List the prime factors of m.
2, 5
Suppose 2*b + 2*q + 1 = 11, -3*b + 3*q = 15. Let i be 10 - (6/3 - b). Suppose 0 = 3*v - 20 + i. What are the prime factors of v?
2
Let o(s) = -s**3 - 4*s**2 + 4*s - 1. Let z be o(-5). Suppose -z*m + 6 = -42. What are the prime factors of 82/8 + (-3)/m?
2, 5
Let g be (-2 + -96)*(-6 + 5). Let d = g + -64. List the prime factors of d.
2, 17
Suppose 2 = 4*v + b, 5*v - 5 = 5*b + 10. Let t(g) = 25*g**3 + 2*g**2 - 2*g + 1. What are the prime factors of t(v)?
2, 13
Let j(r) = 17*r + 7. What are the prime factors of j(2)?
41
Let s(c) be the third derivative of -5/24*c**4 + 0 - 1/2*c**3 + 0*c - c**2. What are the prime factors of s(-3)?
2, 3
Suppose 44 + 8 = n. What are the prime factors of n?
2, 13
Let x(o) = 116*o - 43. What are the prime factors of x(4)?
421
Suppose 5*i = 4*i + 3. Suppose o - 2*o - i = 0. What are the prime factors of 82/6 - (-2)/o?
13
Let m(t) = -7*t + 2. Let s be m(-5). Let h = s - 20. List the prime factors of h.
17
Let a(d) = d + 7. Let r = -6 - -15. Let n = r + -4. What are the prime factors of a(n)?
2, 3
Let h(d) = -d**3 - d**2 + d + 82. Let k be h(0). Suppose -3*u = -2*p + k, -p - 3*u + 2*u + 36 = 0. Let c = 56 - p. What are the prime factors of c?
2, 3
Suppose -z = -2 - 0. Let a be z + (1/1)/(-1). Let s(v) = 9*v**2 - v + 1. List the prime factors of s(a).
3
Let p(z) = 4*z. Let q = 11 - 6. List the prime factors of p(q).
2, 5
Let j(d) = -d**2 + 9*d + 5. Let n be j(9). Suppose f - 10 + n = 0. List the prime factors of f.
5
Let m(f) = f + 17. Let s be m(-12). Let v = s + -3. Let d = v - -1. List the prime factors of d.
3
Let o(d) = d**3 - 8*d**2 + 2. Let q be o(8). List the prime factors of (q/3)/((-2)/(-27)).
3
Let s(t) be the third derivative of t**5/12 + 4*t**2. Let k be s(-1). Suppose -k*c = 11 - 46. What are the prime factors of c?
7
Suppose 2*n = -0*n + 20. Let v = 6 + n. What are the prime factors of v?
2
List the prime factors of 0 + -4 + 2 - -5.
3
Let m = 9 + -1. List the prime factors of m.
2
Let t = 241 + -90. List the prime factors of t.
151
Suppose -2*b + 3*i + 9 = 0, 4*b = 2*i + 3*i + 17. Let h(f) be the first derivative of f**2/2 + f + 1. What are the prime factors of h(b)?
2
Let q(x) = x**3 + 12*x**2 - x + 1. What are the prime factors of q(-9)?
11, 23
Let n(m) = m**2 - 9*m + 3. Let a be n(10). Let s = 27 - a. List the prime factors of s.
2, 7
Let s = 25 + 9. Let v be 94/(-6) + 2/(-6). Let b = v + s. List the prime factors of b.
2, 3
Suppose -z + 111 = -5*p, -2*p - 8 = 2. What are the prime factors of z?
2, 43
Let r(v) = 6*v - 2. Suppose 5 = 7*h - 2*h. What are the prime factors of r(h)?
2
Let y(r) = 4*r**2 - 24*r - 5. What are the prime factors of y(-6)?
283
Let z(y) = 17*y - 22. What are the prime factors of z(5)?
3, 7
Let l = -11 + 18. Let r be 2/(-2)*(-1 - l). Suppose 2*q = r + 10. What are the prime factors of q?
3
Suppose 10 + 2 = -4*d + 2*p, 3*d + 5*p = -22. Let x(q) = q**3 + 6*q**2 + 6*q + 4. What are the prime factors of x(d)?
2, 3
Let v be 0 - (-1)/((-1)/(-2)). Suppose 2*n - 32 = 4*r, -n - v*r + 8 = 2*n. Let q = n + 6. List the prime factors of q.
2, 3
Let j = 7 + -5. List the prime factors of 4*(5 - -1 - j).
2
Let m(a) = -a**3 - 5*a**2 - a. Let y be m(-5). Suppose -2*w + 3*l = -12 - 9, 0 = 4*w + y*l + 13. Suppose 24 = 3*c + w. What are the prime factors of c?
7
Let v be ((-2)/2 + 1)*-1. Let j(d) = -d**3 - 3*d**2 - 3*d - 2. Let t be j(-2). Suppose v*w + 5*w - 10 = t. List the prime factors of w.
2
Let d(j) = -10*j + 2. Let c be d(-4). Suppose 2*r = 4*r - c. List the prime factors of r.
3, 7
Suppose -1225 = -53*d + 48*d. What are the prime factors of d?
5, 7
Let y(j) = 10*j + 1. List the prime factors of y(6).
61
What are the prime factors of -3 + 6 + 64 + 3?
2, 5, 7
Suppose 0 = 7*d - 2*d - 95. Suppose -d = -p - 0*p. Suppose p - 5 = 2*l. List the p